{"id":1641,"date":"2023-11-10T14:47:01","date_gmt":"2023-11-10T14:47:01","guid":{"rendered":"https:\/\/vehirlife.hu\/?page_id=1641"},"modified":"2023-11-10T14:57:07","modified_gmt":"2023-11-10T14:57:07","slug":"jogi-nyilatkozat","status":"publish","type":"page","link":"https:\/\/vehirlife.hu\/index.php\/jogi-nyilatkozat\/","title":{"rendered":"Jogi Nyilatkozat"},"content":{"rendered":"\t\t<div data-elementor-type=\"wp-page\" data-elementor-id=\"1641\" class=\"elementor elementor-1641\">\n\t\t\t\t<div class=\"elementor-element elementor-element-d23718c e-flex e-con-boxed e-con e-parent\" data-id=\"d23718c\" data-element_type=\"container\" data-e-type=\"container\">\n\t\t\t\t\t<div class=\"e-con-inner\">\n\t\t\t\t<div class=\"elementor-element elementor-element-b4ff637 elementor-widget elementor-widget-text-editor\" data-id=\"b4ff637\" data-element_type=\"widget\" data-e-type=\"widget\" data-widget_type=\"text-editor.default\">\n\t\t\t\t<div class=\"elementor-widget-container\">\n\t\t\t\t\t\t\t\t\t<h2>Szerz\u0151i jogok<\/h2>\n<p>Azzal, hogy bel\u00e9p a www.vehirlife.hu sz\u00e1jtra elfogadja az al\u00e1bbi felt\u00e9teleket, m\u00e9g abban az esetben is, ha nem regisztr\u00e1lt felhaszn\u00e1l\u00f3ja, el\u0151fizet\u0151je a rendszer egyik szolg\u00e1ltat\u00e1s\u00e1nak sem:<\/p>\n<p>A vehirlife.hu websz\u00e1jton (\u201elap\u201d) tal\u00e1lhat\u00f3 tartalom az Bakony-Balaton M\u00e9dia Kft. (\u201ekiad\u00f3\u201d) szellemi tulajdona.<\/p>\n<p>A Bakony-Balaton M\u00e9dia Kft. fenntart minden, a lap b\u00e1rmely r\u00e9sz\u00e9nek b\u00e1rmilyen m\u00f3dszerrel, technik\u00e1val t\u00f6rt\u00e9n\u0151 m\u00e1sol\u00e1s\u00e1val \u00e9s terjeszt\u00e9s\u00e9vel kapcsolatos jogot. A laphoz tartoz\u00f3 oldalak tartalm\u00e1t \u00e9s kialak\u00edt\u00e1s\u00e1t nemzetk\u00f6zi \u00e9s magyar t\u00f6rv\u00e9nyek v\u00e9dik.<\/p>\n<p>A kiad\u00f3 el\u0151zetes \u00edr\u00e1sos hozz\u00e1j\u00e1rul\u00e1sa n\u00e9lk\u00fcl tilos a lap eg\u00e9sz\u00e9nek vagy r\u00e9szeinek (sz\u00f6veg, grafika, fot\u00f3, audio- vagy videoanyag, adatszerkezet, strukt\u00fara, elj\u00e1r\u00e1s, program stb.) feldolgoz\u00e1sa \u00e9s \u00e9rt\u00e9kes\u00edt\u00e9se. A lap tartalm\u00e1nak egyes r\u00e9szeit &#8211; kiz\u00e1r\u00f3lag saj\u00e1t felhaszn\u00e1l\u00e1s c\u00e9lj\u00e1b\u00f3l &#8211; merevlemez\u00e9re mentheti vagy kinyomtathatja, de ebben az esetben sem jogosult a lap \u00edgy t\u00f6bbsz\u00f6r\u00f6z\u00f6tt r\u00e9sz\u00e9nek tov\u00e1bbi felhaszn\u00e1l\u00e1s\u00e1ra, terjeszt\u00e9s\u00e9re, adatb\u00e1zisban t\u00f6rt\u00e9n\u0151 t\u00e1rol\u00e1s\u00e1ra, let\u00f6lthet\u0151v\u00e9 t\u00e9tel\u00e9re, kereskedelmi forgalomba hozatal\u00e1ra.<\/p>\n<p>A Bakony-Balaton M\u00e9dia Kft. oldalai teljes eg\u00e9sz\u00e9ben, a rekl\u00e1mokkal, hirdet\u00e9sekkel egy\u00fctt szerz\u0151i jogv\u00e9delem alatt \u00e1llnak, azokb\u00f3l b\u00e1rmely r\u00e9szt kiv\u00e1gni, a megcsonk\u00edtott r\u00e9szt pedig nyilv\u00e1noss\u00e1ghoz b\u00e1rmely m\u00f3don \u00fajrak\u00f6zvet\u00edteni tilos. Tilos tov\u00e1bb\u00e1 a kiad\u00f3 el\u0151zetes \u00edr\u00e1sbeli enged\u00e9lye n\u00e9lk\u00fcl a lap tartalm\u00e1t t\u00fckr\u00f6zni, azaz technikai m\u0171velet seg\u00edts\u00e9g\u00e9vel nyilv\u00e1noss\u00e1ghoz \u00fajrak\u00f6zvet\u00edteni, m\u00e9g v\u00e1ltozatlan form\u00e1ban is.<\/p>\n<p>A jogosulatlan felhaszn\u00e1l\u00e1s b\u00fcntet\u0151- \u00e9s polg\u00e1ri jogi k\u00f6vetkezm\u00e9nyeket von maga ut\u00e1n. Az Bakony-Balaton M\u00e9dia Kft. k\u00f6vetelheti a jogs\u00e9rt\u00e9s abbahagy\u00e1s\u00e1t \u00e9s k\u00e1r\u00e1nak megt\u00e9r\u00edt\u00e9s\u00e9t.<\/p>\n<p>A lapt\u00f3l \u00e9rtes\u00fcl\u00e9seket \u00e1tvenni csak a lapra val\u00f3 hivatkoz\u00e1ssal lehet, azzal a felt\u00e9tellel, hogy az \u00e1tvev\u0151<br>a) nem m\u00f3dos\u00edtja az eredeti inform\u00e1ci\u00f3t,<br>b) a lapra utal\u00f3 egy\u00e9rtelm\u0171 hivatkoz\u00e1st minden k\u00f6zl\u00e9sn\u00e9l felt\u00fcnteti.<\/p>\n<p>Az vehirlife.hu domainn\u00e9v, valamint az &#8222;Vehirlife.hu&#8221; n\u00e9v szerz\u0151i jogi v\u00e9delmet \u00e9lvez, v\u00e9djegyoltalomban r\u00e9szes\u00fcl, felhaszn\u00e1l\u00e1sa &#8211; a hivatkoz\u00e1s kiv\u00e9tel\u00e9vel &#8211; kiz\u00e1r\u00f3lag az Bakony-Balaton M\u00e9dia Kft. el\u0151zetes \u00e9s kifejezett \u00edr\u00e1sos hozz\u00e1j\u00e1rul\u00e1s\u00e1val lehets\u00e9ges.<\/p>\n<p>A h\u00edr\u00fcgyn\u00f6ks\u00e9gek honlapunkon felhaszn\u00e1lt h\u00edrei \u00e9s fot\u00f3i szerz\u0151i jogv\u00e9delem alatt \u00e1llnak, a szem\u00e9lyes \u00e9s nem kereskedelmi felhaszn\u00e1l\u00e1s eseteinek kiv\u00e9tel\u00e9vel tilos azokat ak\u00e1r eredeti, ak\u00e1r \u00e1t\u00edrt form\u00e1ban b\u00e1rmilyen m\u00e9diumban k\u00f6z\u00f6lni, sug\u00e1rozni vagy tov\u00e1bbadni, r\u00e9szben vagy eg\u00e9szben sz\u00e1m\u00edt\u00f3g\u00e9pen t\u00e1rolni.<\/p>\n<p>Az Bakony-Balaton M\u00e9dia Kft. pontos \u00e9s hiteles inform\u00e1ci\u00f3k k\u00f6zl\u00e9s\u00e9re t\u00f6rekszik, de a t\u00e1j\u00e9koztat\u00e1sb\u00f3l fakad\u00f3 esetleges k\u00e1rok\u00e9rt felel\u0151ss\u00e9get nem v\u00e1llal.<\/p>\t\t\t\t\t\t\t\t<\/div>\n\t\t\t\t<\/div>\n\t\t\t\t\t<\/div>\n\t\t\t\t<\/div>\n\t\t\t\t<\/div>\n\t\t","protected":false},"excerpt":{"rendered":"<p>Szerz\u0151i jogok Azzal, hogy bel\u00e9p a www.vehirlife.hu sz\u00e1jtra elfogadja az al\u00e1bbi felt\u00e9teleket, m\u00e9g abban az esetben is, ha nem regisztr\u00e1lt felhaszn\u00e1l\u00f3ja, el\u0151fizet\u0151je a rendszer egyik szolg\u00e1ltat\u00e1s\u00e1nak sem: A vehirlife.hu websz\u00e1jton (\u201elap\u201d) tal\u00e1lhat\u00f3 tartalom az Bakony-Balaton M\u00e9dia Kft. (\u201ekiad\u00f3\u201d) szellemi tulajdona. A Bakony-Balaton M\u00e9dia Kft. fenntart minden, a lap b\u00e1rmely r\u00e9sz\u00e9nek b\u00e1rmilyen m\u00f3dszerrel, technik\u00e1val t\u00f6rt\u00e9n\u0151 m\u00e1sol\u00e1s\u00e1val &#8230; <a title=\"Jogi Nyilatkozat\" class=\"read-more\" href=\"https:\/\/vehirlife.hu\/index.php\/jogi-nyilatkozat\/\" aria-label=\"Read more about Jogi Nyilatkozat\">Olvass tov\u00e1bb<\/a><\/p>\n","protected":false},"author":1,"featured_media":0,"parent":0,"menu_order":0,"comment_status":"closed","ping_status":"closed","template":"elementor_header_footer","meta":{"footnotes":""},"class_list":["post-1641","page","type-page","status-publish"],"wpmagazine_modules_lite_featured_media_urls":{"thumbnail":"","cvmm-medium":"","cvmm-medium-plus":"","cvmm-portrait":"","cvmm-medium-square":"","cvmm-large":"","cvmm-small":"","full":""},"categories_names":null,"comments_number":"0","rttpg_featured_image_url":null,"rttpg_author":{"display_name":false,"author_link":"https:\/\/vehirlife.hu\/index.php\/author\/admin_2uh85u12\/"},"rttpg_comment":0,"rttpg_category":null,"rttpg_excerpt":"Szerz\u0151i jogok Azzal, hogy bel\u00e9p a www.vehirlife.hu sz\u00e1jtra elfogadja az al\u00e1bbi felt\u00e9teleket, m\u00e9g abban az esetben is, ha nem regisztr\u00e1lt felhaszn\u00e1l\u00f3ja, el\u0151fizet\u0151je a rendszer egyik szolg\u00e1ltat\u00e1s\u00e1nak sem: A vehirlife.hu websz\u00e1jton (\u201elap\u201d) tal\u00e1lhat\u00f3 tartalom az Bakony-Balaton M\u00e9dia Kft. (\u201ekiad\u00f3\u201d) szellemi tulajdona. A Bakony-Balaton M\u00e9dia Kft. fenntart minden, a lap b\u00e1rmely r\u00e9sz\u00e9nek b\u00e1rmilyen m\u00f3dszerrel, technik\u00e1val t\u00f6rt\u00e9n\u0151 m\u00e1sol\u00e1s\u00e1val&hellip;","_links":{"self":[{"href":"https:\/\/vehirlife.hu\/index.php\/wp-json\/wp\/v2\/pages\/1641","targetHints":{"allow":["GET"]}}],"collection":[{"href":"https:\/\/vehirlife.hu\/index.php\/wp-json\/wp\/v2\/pages"}],"about":[{"href":"https:\/\/vehirlife.hu\/index.php\/wp-json\/wp\/v2\/types\/page"}],"author":[{"embeddable":true,"href":"https:\/\/vehirlife.hu\/index.php\/wp-json\/wp\/v2\/users\/1"}],"replies":[{"embeddable":true,"href":"https:\/\/vehirlife.hu\/index.php\/wp-json\/wp\/v2\/comments?post=1641"}],"version-history":[{"count":7,"href":"https:\/\/vehirlife.hu\/index.php\/wp-json\/wp\/v2\/pages\/1641\/revisions"}],"predecessor-version":[{"id":1649,"href":"https:\/\/vehirlife.hu\/index.php\/wp-json\/wp\/v2\/pages\/1641\/revisions\/1649"}],"wp:attachment":[{"href":"https:\/\/vehirlife.hu\/index.php\/wp-json\/wp\/v2\/media?parent=1641"}],"curies":[{"name":"wp","href":"https:\/\/api.w.org\/{rel}","templated":true}]}}